git of y(g)?
5
Let q(l) = -5*l**2 - 348*l + 72. What is the tens digit of q(-69)?
7
Suppose 130 = 9*f - 32. Let n = f - -19. What is the units digit of n?
7
Suppose 4*n = 4*g - 2*g - 8, 20 = 5*g + 2*n. Suppose -m + 104 = 5*f, 5*m + g*f - 206 = 230. What is the tens digit of m?
8
Suppose 0 = u + 5*y - 1, -23 = -7*u + 4*u + 5*y. Suppose 2*t - u = 172. What is the tens digit of t?
8
Let t(q) = q**2 - 14*q - 8. Let d be t(15). Let f(k) = 7*k - 7. Let i be f(3). What is the tens digit of (-4)/i + 261/d?
3
Suppose f + 29 - 48 = 0. Let p = -12 + f. What is the units digit of p?
7
Let d be (-1)/3*(4 - 1). What is the units digit of 15 + (3 - d) + -2 - 4?
3
Suppose -5*b + 15 = -60. Suppose 0 = -13*w + b*w - 70. What is the units digit of w?
5
Let t(p) = -p - 23. Let y(b) = 1. Let r(n) = -t(n) - 3*y(n). What is the tens digit of r(16)?
3
Suppose -88*q = -73*q - 3120. What is the tens digit of q?
0
Let z(d) = -d**2 + 6*d. Let a be z(3). Let w be 6/a - (-188)/6. Suppose -2*m = -m - w. What is the units digit of m?
2
Suppose -4*k = 3*s - 41, -5*k + 0*k - 3 = -4*s. Suppose -2*j + 3*z = -15, -3*j + 10 + s = z. Let r(x) = 6*x - 13. What is the units digit of r(j)?
3
Let k(d) = d**2 + 13*d + 4. Let h be k(-13). Suppose m + h*g - 301 = 0, -2*g - 1204 = -0*m - 4*m. What is the tens digit of m?
0
Let y(a) = a**3 + a**2 - a + 10. Let r be y(0). Let d = -1 + r. What is the units digit of d?
9
Let u = -117 - -116. Let c(a) = -7*a**3 - 2*a**2 - 2*a. What is the units digit of c(u)?
7
Let c = 21 - 4. Let w = -2 - c. Let h = w + 35. What is the tens digit of h?
1
Let p be 2/8 + (-770)/(-88). Suppose -4*y + 5*l = -p - 36, -3*y = 3*l. What is the units digit of y?
5
Let x(u) be the first derivative of -7*u**4/4 - 2*u**3/3 - u**2 - u + 2. Let j be x(-1). Suppose 3*f + 13 = j*f + v, -f = 5*v - 9. What is the units digit of f?
4
Let b = -34 - -40. What is the units digit of (0 - b/(-2)) + 8?
1
Let w(m) = -2*m**2 + 5*m + 14. Let o(k) = 71*k + 0*k**2 - 74*k - 7 + k**2. Let c(d) = -5*o(d) - 2*w(d). What is the units digit of c(5)?
7
Suppose 0 = 2*f - 8 - 0. Suppose f*w - 1004 = g + 3*g, -4*w - g = -1024. What is the hundreds digit of w?
2
Suppose -5*b = -0*n - 3*n - 468, 5*b - 624 = 4*n. Let c = -1 - n. What is the units digit of c?
5
Let d(h) = 6*h**3 + 11*h**2 + 8*h - 7. Let w(a) = -a**3 - a. Let m(u) = d(u) + 5*w(u). Suppose -6*t - 26 = 34. What is the tens digit of m(t)?
6
Suppose 1 = 3*r + 7. Let n(s) = 15*s**2 - 2*s - 2. Let d be n(r). Suppose d = 3*h - 4. What is the tens digit of h?
2
Let h = 34 + -30. Suppose -o = b - 30, -5*o = -h*b + 123 - 48. What is the tens digit of b?
2
Let c = 318 - 59. What is the hundreds digit of c?
2
Let d = 145 - 143. What is the hundreds digit of (d + 1 - 68/20)*-505?
2
Suppose -18*l = -19*l + 36. What is the tens digit of 67 - l/27*3/(-2)?
6
Let n(s) = 5*s**2 - 9*s + 6. Let f be n(-5). Suppose 2*b + 6*b - f = 0. What is the tens digit of b?
2
Let d = -16 + 17. What is the tens digit of (-12 - -19)/(d/9)?
6
Let l be (-4)/(-5) + (-6672)/40. Let r = 250 + l. Let u = r + -48. What is the tens digit of u?
3
What is the units digit of (1749 - 6) + 5/((-10)/(-4))?
5
Let w(p) = -21*p**2 + p. Let r be w(1). What is the units digit of (8/r)/(-2) + (-84)/(-5)?
7
Let y be -1 + (-11)/((-33)/108). Suppose -4*d = 3*s - 426 + y, -3*s + 100 = d. What is the tens digit of d?
9
Let b = -532 + 811. What is the units digit of b?
9
Let g(t) = 6*t - 3. Let h(d) = d**2 - 8*d - 6. Suppose 3*w + 6 = f, -3*f + w - 18 + 44 = 0. Let k be h(f). What is the tens digit of g(k)?
1
Let w be (-1 + 0)/(2/12). Let y(c) = -7*c - 10. What is the tens digit of y(w)?
3
Let p(d) = -3*d**3 + 2*d + 1. Let t be p(-1). Suppose 4*b = -3*y - 111, t*b + 2*b - 120 = 4*y. Let c = 62 + y. What is the tens digit of c?
2
Let s(y) = y + 3. Let n be s(-4). Let t(o) be the first derivative of -12*o**2 - 2*o + 57. What is the tens digit of t(n)?
2
Let i(x) be the second derivative of x**5/20 + 5*x**4/6 + 2*x**3/3 - 7*x**2/2 + 78*x. Suppose -3*m - 27 = -0*m. What is the units digit of i(m)?
8
Suppose -132 - 192 = -3*h. Suppose 0 = -8*b + 1516 + h. What is the units digit of b?
3
Let h(r) = r**3 - 12*r**2 + 15*r + 16. Let u be h(11). What is the units digit of (-12 - 1)/((-15)/u)?
2
Let f = 223 - -48. What is the units digit of f?
1
Let t = -47 + 199. Let b = 60 + t. What is the hundreds digit of b?
2
Let k(x) be the second derivative of x**5/20 - 5*x**4/6 + 3*x**3 - 9*x**2 - 36*x - 1. What is the hundreds digit of k(11)?
3
Let c = -932 + 1337. Let h = -172 + c. What is the units digit of h?
3
Let d = -13 + 9. Let r be -3*d/((-24)/(-10)). Let j(a) = a + 3. What is the units digit of j(r)?
8
Suppose -420 = -104*s + 108*s. Let b = s + 255. What is the hundreds digit of b?
1
What is the thousands digit of (0 - (-17780)/(-6))/((-898)/1347)?
4
Let t(h) be the first derivative of -h**2 + 14*h + 5. Let y be t(7). Suppose 10*f - 5*f - 75 = y. What is the tens digit of f?
1
Suppose -3962 = -3*f + 1654. What is the tens digit of f?
7
Suppose -33*c + 23*c + 3640 = 0. What is the units digit of c?
4
What is the units digit of (-6)/(-30) + 4*(-1851)/(-30)?
7
Let k(d) = 4*d**2 - 41*d - 11. What is the units digit of k(11)?
2
Let t(f) = f**3 - 4*f**2 + 8*f - 7. Suppose -9*z - 8 = -10*z. Suppose -z = 2*x - 0*x, -5*k + 21 = x. What is the units digit of t(k)?
8
Suppose 40*w - 27079 = 40121. What is the thousands digit of w?
1
Suppose 3 - 1 = -3*q + 5*f, -q + 22 = 4*f. Suppose -a + 16 = q. What is the tens digit of a?
1
Suppose 0 = 46*o - 49*o + 6. What is the units digit of (8/24)/(o/474)?
9
Let g be ((-2)/5)/(19/(-95)). Let o = 49 + g. What is the units digit of o?
1
Suppose 0 = 2*f, -3*u + 6*u - 6 = -3*f. Suppose u*x + 25 = -s, -2*x = -s - 0*x - 9. Let m = s + 37. What is the units digit of m?
0
What is the thousands digit of -18 - -1438 - (-3 + 7)?
1
What is the hundreds digit of (16/(-25))/(2/(-15))*125?
6
Let o(h) = 3*h**2 - h**3 - 5*h - 4 + 5*h. Let l be o(3). What is the units digit of (l/(-8))/(2/4)?
1
Let c = -2 - -5. Suppose 2*q = 31 - c. Suppose 3 - q = -j. What is the tens digit of j?
1
Let g be 14/(-35) + 6/(-15)*-196. Suppose 1 = -3*i - 149. Let p = i + g. What is the units digit of p?
8
Let x(a) = a**2 - 3*a + 1. Let v be x(1). Let l(g) = 0 + 0 - 9 + 7 + 52*g**2 - 2*g. What is the units digit of l(v)?
2
Let q be 1*(3 + -6) - -3. Suppose -3*f + 2*a - 5 = -q*a, -5*f = -2*a + 3. What is the units digit of ((-3)/(-6))/(f/2)?
1
Let n(q) = -70*q + 2. Let u be n(-1). Suppose -3*d - 4*c + 335 = 0, u = d + 2*c - 41. What is the tens digit of d?
0
Let n(p) = -p**2 - 9*p - 11. Let c be n(-6). Let j(l) = 7*l + 25. What is the tens digit of j(c)?
7
Let y be (0/2)/(-1) + -15. Let o = 203 + -145. Let n = o + y. What is the units digit of n?
3
Let v(z) = z**2 + 12*z + 18. Let s be (27/21 + -3)*7. Let y be v(s). Suppose y = -j + 4*j. What is the units digit of j?
6
Let k(a) = -13 - 4*a + a**3 + 4*a + 5*a - 16*a - 12*a**2. What is the units digit of k(13)?
3
Let w = -64 + 28. Let v = 85 + w. What is the units digit of v?
9
Let v(c) = c**2 - 5*c + 1. Let a(w) = w**3 + 2*w**2 - 3*w - 4. Let u be a(3). Let g be -18*(u/12 + -3). What is the units digit of v(g)?
7
Let r(b) be the first derivative of 3*b**2/2 - 2*b - 6. Let n be r(2). Suppose -n*h - h = -40. What is the units digit of h?
8
Let v(g) = 57*g**2 + 2*g + 4. Let b be v(-3). Suppose 5*c - b = 404. What is the hundreds digit of c?
1
Suppose -4*d - 5 = -37. Suppose -2*a = n - 4*n - 5, -2*n + 2 = 0. Suppose -d = -5*m - 28, 2*q - a*m - 36 = 0. What is the tens digit of q?
1
Let q = 101 - 106. What is the tens digit of ((-285)/6 - q)/(1/(-2))?
8
Let b be (-2)/((-2)/(4 - 0)). Let p(v) = v**2 - 28*v - 129. Let c be p(-6). Suppose t + b*t - 2*l = c, -4*t + 93 = 5*l. What is the tens digit of t?
1
Suppose c + c - 10 = 0. Suppose -35 = c*h + 5*t, t + 7 = -5*h - 12. What is the tens digit of (-23)/(h/(-6)*-1)?
4
Suppose -5 + 20 = 5*y. Suppose -w - y*w = -132. What is the tens digit of w?
3
Let s = 75 + -69. Suppose -5*v - s*d + 699 = -9*d, 9 = -3*d. What is the tens digit of v?
3
Let t(p) = -p**3 + 4*p**2 - p - 3. Let u be t(-2). Let f = u + -5. What is the tens digit of f?
1
Suppose 11*t - 3995 - 7808 = 0. What is the units digit of t?
3
Let k = -239 + 120. Let f = 2